
Is 4460359 composite?
False
Is 21754573 a composite number?
True
Is 5125693 prime?
True
Is 323822 prime?
False
Is 42428471 prime?
False
Is 323288417 composite?
False
Is 56686951 prime?
False
Is 24891931 prime?
True
Is 16987249 composite?
False
Is 161359921 composite?
False
Is 9889729 prime?
False
Is 136393 a prime number?
True
Is 734381 composite?
False
Is 31111081 composite?
True
Is 8815517 prime?
False
Is 2500002407 a composite number?
True
Is 24040007 a composite number?
False
Is 2037437 a composite number?
False
Is 148171691 a composite number?
False
Is 261176783 prime?
False
Is 130259479 a composite number?
True
Is 467835647 a prime number?
True
Is 4935521 composite?
False
Is 15046297 composite?
True
Is 3549383 composite?
True
Is 9825247 prime?
True
Is 10044701 a prime number?
False
Is 8254619 composite?
True
Is 170839007 a composite number?
False
Is 2953163 prime?
True
Is 12722497 prime?
True
Is 1101463053 prime?
False
Is 92740397 prime?
False
Is 42665923 a composite number?
False
Is 17523382 a prime number?
False
Is 28073257 prime?
False
Is 983309 composite?
True
Is 36053219 prime?
True
Is 14246437 prime?
False
Is 1838869 a composite number?
False
Is 12697829 prime?
True
Is 16609874 composite?
True
Is 3372059 a prime number?
True
Is 143613658 a prime number?
False
Is 13402657 composite?
True
Is 154146007 composite?
False
Is 14320937 composite?
False
Is 569794 prime?
False
Is 4672747 a composite number?
False
Is 617262187 a composite number?
True
Is 37771611 prime?
False
Is 869951 a prime number?
True
Is 23238959 prime?
True
Is 30591907 prime?
True
Is 149858 composite?
True
Is 986573 a prime number?
False
Is 93722407 composite?
False
Is 4286687 composite?
False
Is 757426 composite?
True
Is 12320859 a prime number?
False
Is 1830547 composite?
True
Is 2374633 prime?
True
Is 313832681 a composite number?
False
Is 1040601 prime?
False
Is 10515209 composite?
True
Is 395069119 composite?
True
Is 67879613 a prime number?
True
Is 37393771 a composite number?
False
Is 20375699 a composite number?
False
Is 1624303 a prime number?
False
Is 86126413 composite?
True
Is 27810649 a composite number?
False
Is 1488559 prime?
True
Is 1415423 prime?
False
Is 1726043 composite?
True
Is 71005933 prime?
True
Is 48404515 prime?
False
Is 12041999 a composite number?
False
Is 31006319 a composite number?
False
Is 99042199 a prime number?
False
Is 5604481 a composite number?
False
Is 246541 a composite number?
True
Is 25374229 prime?
False
Is 553612847 a composite number?
False
Is 25549103 composite?
True
Is 67986829 a prime number?
True
Is 4374059 a prime number?
True
Is 1969903 prime?
False
Is 69190501 composite?
False
Is 1128623 a prime number?
True
Is 18378733 a composite number?
True
Is 1051183 a prime number?
False
Is 257808319 a composite number?
False
Is 726931 a composite number?
True
Is 3101827 a prime number?
True
Is 22441807 a prime number?
True
Is 4243879 a prime number?
True
Is 362433 a prime number?
False
Is 316103069 a composite number?
False
Is 2757589 prime?
False
Is 1081271 a composite number?
True
Is 71252023 prime?
True
Is 1987217 composite?
False
Is 43095077 prime?
False
Is 29671897 a composite number?
True
Is 285504169 composite?
False
Is 7803611 a composite number?
False
Is 16255929 a prime number?
False
Is 702311 a composite number?
False
Is 6534571 composite?
True
Is 4264863 a composite number?
True
Is 6773779 a composite number?
True
Is 4227451 prime?
True
Is 19286623 a prime number?
True
Is 488557 a composite number?
True
Is 14516081 prime?
False
Is 1600637 a composite number?
False
Is 607613 a composite number?
True
Is 39466789 prime?
True
Is 39550391 prime?
True
Is 301778933 a composite number?
False
Is 172871 prime?
True
Is 101882629 prime?
True
Is 22273547 a composite number?
True
Is 46436503 composite?
True
Is 29531721 prime?
False
Is 29868689 a prime number?
False
Is 596363 composite?
False
Is 4444919 composite?
True
Is 788929 prime?
False
Is 58570283 composite?
True
Is 43793485 prime?
False
Is 51556189 a prime number?
False
Is 9404987 a composite number?
False
Is 37980347 a prime number?
True
Is 7450847 a composite number?
True
Is 74058637 prime?
False
Is 24484417 prime?
False
Is 37841873 a prime number?
True
Is 1100033 prime?
False
Is 240409 composite?
True
Is 67303603 prime?
False
Is 7068539 prime?
True
Is 41715527 a composite number?
True
Is 23602011 prime?
False
Is 7040623 prime?
True
Is 35307443 a prime number?
True
Is 2369557 a prime number?
True
Is 29318167 prime?
False
Is 23394769 prime?
True
Is 23009153 composite?
True
Is 3973093 a prime number?
True
Is 2125951 composite?
True
Is 80096693 a composite number?
False
Is 238730047 a composite number?
False
Is 104537 composite?
False
Is 101427 composite?
True
Is 1739791 a composite number?
False
Is 11810131 composite?
False
Is 38094607 a composite number?
True
Is 41443757 composite?
True
Is 16766327 a prime number?
True
Is 6535279 a prime number?
True
Is 1678571 prime?
True
Is 211603331 prime?
True
Is 96531727 a prime number?
True
Is 75702409 a prime number?
True
Is 21316501 a composite number?
False
Is 53815313 a prime number?
True
Is 31353977 a prime number?
True
Is 40806223 a prime number?
True
Is 287860673 a composite number?
False
Is 391520573 prime?
True
Is 36853093 a prime number?
False
Is 5589623 a prime number?
False
Is 1473467 a prime number?
True
Is 1046423 a prime number?
False
Is 9261979 a prime number?
False
Is 17135279 composite?
True
Is 187066259 composite?
False
Is 85511633 composite?
True
Is 22265167 a composite number?
False
Is 2047387 prime?
True
Is 17970047 a prime number?
True
Is 60833947 prime?
True
Is 10381727 composite?
False
Is 18011559 composite?
True
Is 2210371 a composite number?
False
Is 3788363 a prime number?
False
Is 459911 a composite number?
True
Is 503694073 a prime number?
True
Is 2404631 a prime number?
True
Is 240727721 prime?
False
Is 560634749 prime?
True
Is 1232713 prime?
True
Is 42766693 prime?
False
Is 1407047 prime?
True
Is 5166289 a prime number?
True
Is 13571329 composite?
False
Is 10457267 a prime number?
False
Is 4277369 prime?
False
Is 126243203 a prime number?
True
Is 71431343 prime?
True
Is 393517 composite?
False
Is 62505593 prime?
False
Is 4503979 prime?
False
Is 133985053 a composite number?
False
Is 23869381 composite?
True
Is 8786787 a composite number?
True
Is 46199 a composite number?
False
Is 3415813 prime?
True
Is 184351 a prime number?
True
Is 18833039 a composite number?
False
Is 5509223 a prime number?
False
Is 3229741 prime?
True
Is 2160799 a prime number?
False
Is 584659 composite?
False
Is 1571567353 composite?
False
Is 4797851 composite?
False
Is 19309561 composite?
False
Is 40767619 a prime number?
True
Is 7621883 a composite number?
False
Is 234018983 a composite number?
True
Is 268925557 a prime number?
True
Is 13194241 prime?
False
Is 92787995 a composite number?
True
Is 96910871 prime?
False
Is 2353277 a composite number?
True
Is 332583227 composite?
False
Is 10245754 a prime number?
False
Is 13214947 a prime number?
True
Is 732804617 a prime number?
True
Is 7372745 a prime number?
False
Is 225900062 prime?
False
Is 466855 composite?
True
Is 95322847 composite?
True
Is 83776297 composite?
True
Is 113731801 prime?
False
Is 91971397 a prime number?
False
Is 39966931 a composite number?
False
Is 763907 prime?
True
Is 18786037 a prime number?
False
Is 1555721 a prime number?
False
Is 5416534 a composite number?
True
Is 16096547 a prime number?
False
Is 7420751 a composite number?
True
Is 246763201 composite?
False
Is 133253 prime?
True
Is 320791 composite?
False
Is 2389489 a prime number?
False
Is 24208213 prime?
False
Is 3332759 prime?
False
Is 3623149 prime?
False
Is 11592367 prime?
False
Is 18524159 a prime number?
False
Is 453220891 a prime number?
True
Is 294445 a composite number?
True
Is 51668977 prime?
True
Is 23193829 a composite number?
True
Is 3996397 prime?
True
Is 3013639 a prime number?
True
Is 7279813 a prime number?
True
Is 11284111 composite?
False
Is 15136489 a composite number?
False
Is 670351705 prime?
False
Is 1331987 prime?
True
Is 1899257 composite?
True
Is 4317487 prime?
True
Is 171866909 prime?
False
Is 158081437 a prime number?
True
Is 127495391 a composite number?
False
Is 9